{"id":24,"date":"2024-09-13T17:45:02","date_gmt":"2024-09-13T17:45:02","guid":{"rendered":"https:\/\/casaanita.com.br\/?page_id=24"},"modified":"2024-09-13T18:27:24","modified_gmt":"2024-09-13T18:27:24","slug":"atendimento","status":"publish","type":"page","link":"https:\/\/casaanita.com.br\/?page_id=24","title":{"rendered":"Atendimento"},"content":{"rendered":"<p><img loading=\"lazy\" decoding=\"async\" class=\"size-medium wp-image-240 alignleft\" src=\"https:\/\/casaanita.com.br\/wp-content\/uploads\/2024\/09\/happy-attractive-two-woman-working-together-workplace-300x223.jpg\" alt=\"\" width=\"300\" height=\"223\" srcset=\"https:\/\/casaanita.com.br\/wp-content\/uploads\/2024\/09\/happy-attractive-two-woman-working-together-workplace-300x223.jpg 300w, https:\/\/casaanita.com.br\/wp-content\/uploads\/2024\/09\/happy-attractive-two-woman-working-together-workplace-1024x761.jpg 1024w, https:\/\/casaanita.com.br\/wp-content\/uploads\/2024\/09\/happy-attractive-two-woman-working-together-workplace-768x571.jpg 768w, https:\/\/casaanita.com.br\/wp-content\/uploads\/2024\/09\/happy-attractive-two-woman-working-together-workplace-1536x1142.jpg 1536w, https:\/\/casaanita.com.br\/wp-content\/uploads\/2024\/09\/happy-attractive-two-woman-working-together-workplace-2048x1523.jpg 2048w, https:\/\/casaanita.com.br\/wp-content\/uploads\/2024\/09\/happy-attractive-two-woman-working-together-workplace-538x400.jpg 538w\" sizes=\"auto, (max-width: 300px) 100vw, 300px\" \/><\/p>\n<p>O atendimento em nossa loja \u00e9 projetado para oferecer uma experi\u00eancia \u00fanica e ajustada \u00e0s suas necessidades. Desde o primeiro contato, voc\u00ea ser\u00e1 acompanhado por um consultor especializado que ouvir\u00e1 atentamente suas ideias e prefer\u00eancias. Com as medidas ou a planta de seu espa\u00e7o entenderemos melhor suas dimens\u00f5es e requisitos espec\u00edficos, garantindo que cada aspecto do projeto seja adaptado ao seu estilo de vida e \u00e0s suas expectativas. Nosso objetivo \u00e9 criar solu\u00e7\u00f5es sob medida que harmonizem com seu ambiente e reflitam seu gosto pessoal.<\/p>\n<p>Contamos com profissionais altamente especializados, que trazem conhecimento aprofundado e experi\u00eancia pr\u00e1tica para entender e atender \u00e0s suas necessidades espec\u00edficas.<\/p>\n<p>Ao contr\u00e1rio dos servi\u00e7os gen\u00e9ricos, nosso foco \u00e9 realmente compreender o que voc\u00ea deseja e adaptar nossas solu\u00e7\u00f5es para garantir que atendam \u00e0s suas expectativas de maneira precisa e eficaz.<\/p>\n<p>Venha tomar um delicioso caf\u00e9 e tirar seus sonhos do papel!<\/p>\n<p><a href=\"https:\/\/casaanita.com.br\/?page_id=35\">Briefing<\/a><\/p>\n","protected":false},"excerpt":{"rendered":"<p>O atendimento em nossa loja \u00e9 projetado para oferecer uma experi\u00eancia \u00fanica e ajustada \u00e0s suas necessidades. Desde o primeiro contato, voc\u00ea ser\u00e1 acompanhado por um consultor especializado que ouvir\u00e1 atentamente suas ideias e prefer\u00eancias. Com as medidas ou a planta de seu espa\u00e7o entenderemos melhor suas dimens\u00f5es e requisitos espec\u00edficos, garantindo que cada aspecto [&hellip;]<\/p>\n","protected":false},"author":2,"featured_media":0,"parent":0,"menu_order":0,"comment_status":"closed","ping_status":"closed","template":"","meta":{"footnotes":""},"class_list":["post-24","page","type-page","status-publish","hentry"],"yoast_head":"<!-- This site is optimized with the Yoast SEO plugin v27.4 - https:\/\/yoast.com\/product\/yoast-seo-wordpress\/ -->\n<title>Atendimento - Casa Anita<\/title>\n<meta name=\"robots\" content=\"index, follow, max-snippet:-1, max-image-preview:large, max-video-preview:-1\" \/>\n<link rel=\"canonical\" href=\"https:\/\/casaanita.com.br\/?page_id=24\" \/>\n<meta property=\"og:locale\" content=\"pt_BR\" \/>\n<meta property=\"og:type\" content=\"article\" \/>\n<meta property=\"og:title\" content=\"Atendimento - Casa Anita\" \/>\n<meta property=\"og:description\" content=\"O atendimento em nossa loja \u00e9 projetado para oferecer uma experi\u00eancia \u00fanica e ajustada \u00e0s suas necessidades. Desde o primeiro contato, voc\u00ea ser\u00e1 acompanhado por um consultor especializado que ouvir\u00e1 atentamente suas ideias e prefer\u00eancias. Com as medidas ou a planta de seu espa\u00e7o entenderemos melhor suas dimens\u00f5es e requisitos espec\u00edficos, garantindo que cada aspecto [&hellip;]\" \/>\n<meta property=\"og:url\" content=\"https:\/\/casaanita.com.br\/?page_id=24\" \/>\n<meta property=\"og:site_name\" content=\"Casa Anita\" \/>\n<meta property=\"article:modified_time\" content=\"2024-09-13T18:27:24+00:00\" \/>\n<meta property=\"og:image\" content=\"https:\/\/casaanita.com.br\/wp-content\/uploads\/2024\/09\/happy-attractive-two-woman-working-together-workplace-300x223.jpg\" \/>\n<meta name=\"twitter:card\" content=\"summary_large_image\" \/>\n<meta name=\"twitter:label1\" content=\"Est. tempo de leitura\" \/>\n\t<meta name=\"twitter:data1\" content=\"2 minutos\" \/>\n<script type=\"application\/ld+json\" class=\"yoast-schema-graph\">{\"@context\":\"https:\\\/\\\/schema.org\",\"@graph\":[{\"@type\":\"WebPage\",\"@id\":\"https:\\\/\\\/casaanita.com.br\\\/?page_id=24\",\"url\":\"https:\\\/\\\/casaanita.com.br\\\/?page_id=24\",\"name\":\"Atendimento - Casa Anita\",\"isPartOf\":{\"@id\":\"https:\\\/\\\/casaanita.com.br\\\/#website\"},\"primaryImageOfPage\":{\"@id\":\"https:\\\/\\\/casaanita.com.br\\\/?page_id=24#primaryimage\"},\"image\":{\"@id\":\"https:\\\/\\\/casaanita.com.br\\\/?page_id=24#primaryimage\"},\"thumbnailUrl\":\"https:\\\/\\\/casaanita.com.br\\\/wp-content\\\/uploads\\\/2024\\\/09\\\/happy-attractive-two-woman-working-together-workplace-300x223.jpg\",\"datePublished\":\"2024-09-13T17:45:02+00:00\",\"dateModified\":\"2024-09-13T18:27:24+00:00\",\"breadcrumb\":{\"@id\":\"https:\\\/\\\/casaanita.com.br\\\/?page_id=24#breadcrumb\"},\"inLanguage\":\"pt-BR\",\"potentialAction\":[{\"@type\":\"ReadAction\",\"target\":[\"https:\\\/\\\/casaanita.com.br\\\/?page_id=24\"]}]},{\"@type\":\"ImageObject\",\"inLanguage\":\"pt-BR\",\"@id\":\"https:\\\/\\\/casaanita.com.br\\\/?page_id=24#primaryimage\",\"url\":\"https:\\\/\\\/casaanita.com.br\\\/wp-content\\\/uploads\\\/2024\\\/09\\\/happy-attractive-two-woman-working-together-workplace-scaled.jpg\",\"contentUrl\":\"https:\\\/\\\/casaanita.com.br\\\/wp-content\\\/uploads\\\/2024\\\/09\\\/happy-attractive-two-woman-working-together-workplace-scaled.jpg\",\"width\":2560,\"height\":1904},{\"@type\":\"BreadcrumbList\",\"@id\":\"https:\\\/\\\/casaanita.com.br\\\/?page_id=24#breadcrumb\",\"itemListElement\":[{\"@type\":\"ListItem\",\"position\":1,\"name\":\"In\u00edcio\",\"item\":\"https:\\\/\\\/casaanita.com.br\\\/\"},{\"@type\":\"ListItem\",\"position\":2,\"name\":\"Atendimento\"}]},{\"@type\":\"WebSite\",\"@id\":\"https:\\\/\\\/casaanita.com.br\\\/#website\",\"url\":\"https:\\\/\\\/casaanita.com.br\\\/\",\"name\":\"Casa Anita\",\"description\":\" \",\"publisher\":{\"@id\":\"https:\\\/\\\/casaanita.com.br\\\/#organization\"},\"potentialAction\":[{\"@type\":\"SearchAction\",\"target\":{\"@type\":\"EntryPoint\",\"urlTemplate\":\"https:\\\/\\\/casaanita.com.br\\\/?s={search_term_string}\"},\"query-input\":{\"@type\":\"PropertyValueSpecification\",\"valueRequired\":true,\"valueName\":\"search_term_string\"}}],\"inLanguage\":\"pt-BR\"},{\"@type\":\"Organization\",\"@id\":\"https:\\\/\\\/casaanita.com.br\\\/#organization\",\"name\":\"Casa Anita\",\"url\":\"https:\\\/\\\/casaanita.com.br\\\/\",\"logo\":{\"@type\":\"ImageObject\",\"inLanguage\":\"pt-BR\",\"@id\":\"https:\\\/\\\/casaanita.com.br\\\/#\\\/schema\\\/logo\\\/image\\\/\",\"url\":\"https:\\\/\\\/casaanita.com.br\\\/wp-content\\\/uploads\\\/2024\\\/03\\\/novo_logo_branco4.png\",\"contentUrl\":\"https:\\\/\\\/casaanita.com.br\\\/wp-content\\\/uploads\\\/2024\\\/03\\\/novo_logo_branco4.png\",\"width\":216,\"height\":116,\"caption\":\" Casa Anita\"},\"image\":{\"@id\":\"https:\\\/\\\/casaanita.com.br\\\/#\\\/schema\\\/logo\\\/image\\\/\"}}]}<\/script>\n<!-- \/ Yoast SEO plugin. -->","yoast_head_json":{"title":"Atendimento - Casa Anita","robots":{"index":"index","follow":"follow","max-snippet":"max-snippet:-1","max-image-preview":"max-image-preview:large","max-video-preview":"max-video-preview:-1"},"canonical":"https:\/\/casaanita.com.br\/?page_id=24","og_locale":"pt_BR","og_type":"article","og_title":"Atendimento - Casa Anita","og_description":"O atendimento em nossa loja \u00e9 projetado para oferecer uma experi\u00eancia \u00fanica e ajustada \u00e0s suas necessidades. Desde o primeiro contato, voc\u00ea ser\u00e1 acompanhado por um consultor especializado que ouvir\u00e1 atentamente suas ideias e prefer\u00eancias. Com as medidas ou a planta de seu espa\u00e7o entenderemos melhor suas dimens\u00f5es e requisitos espec\u00edficos, garantindo que cada aspecto [&hellip;]","og_url":"https:\/\/casaanita.com.br\/?page_id=24","og_site_name":"Casa Anita","article_modified_time":"2024-09-13T18:27:24+00:00","og_image":[{"url":"https:\/\/casaanita.com.br\/wp-content\/uploads\/2024\/09\/happy-attractive-two-woman-working-together-workplace-300x223.jpg","type":"","width":"","height":""}],"twitter_card":"summary_large_image","twitter_misc":{"Est. tempo de leitura":"2 minutos"},"schema":{"@context":"https:\/\/schema.org","@graph":[{"@type":"WebPage","@id":"https:\/\/casaanita.com.br\/?page_id=24","url":"https:\/\/casaanita.com.br\/?page_id=24","name":"Atendimento - Casa Anita","isPartOf":{"@id":"https:\/\/casaanita.com.br\/#website"},"primaryImageOfPage":{"@id":"https:\/\/casaanita.com.br\/?page_id=24#primaryimage"},"image":{"@id":"https:\/\/casaanita.com.br\/?page_id=24#primaryimage"},"thumbnailUrl":"https:\/\/casaanita.com.br\/wp-content\/uploads\/2024\/09\/happy-attractive-two-woman-working-together-workplace-300x223.jpg","datePublished":"2024-09-13T17:45:02+00:00","dateModified":"2024-09-13T18:27:24+00:00","breadcrumb":{"@id":"https:\/\/casaanita.com.br\/?page_id=24#breadcrumb"},"inLanguage":"pt-BR","potentialAction":[{"@type":"ReadAction","target":["https:\/\/casaanita.com.br\/?page_id=24"]}]},{"@type":"ImageObject","inLanguage":"pt-BR","@id":"https:\/\/casaanita.com.br\/?page_id=24#primaryimage","url":"https:\/\/casaanita.com.br\/wp-content\/uploads\/2024\/09\/happy-attractive-two-woman-working-together-workplace-scaled.jpg","contentUrl":"https:\/\/casaanita.com.br\/wp-content\/uploads\/2024\/09\/happy-attractive-two-woman-working-together-workplace-scaled.jpg","width":2560,"height":1904},{"@type":"BreadcrumbList","@id":"https:\/\/casaanita.com.br\/?page_id=24#breadcrumb","itemListElement":[{"@type":"ListItem","position":1,"name":"In\u00edcio","item":"https:\/\/casaanita.com.br\/"},{"@type":"ListItem","position":2,"name":"Atendimento"}]},{"@type":"WebSite","@id":"https:\/\/casaanita.com.br\/#website","url":"https:\/\/casaanita.com.br\/","name":"Casa Anita","description":" ","publisher":{"@id":"https:\/\/casaanita.com.br\/#organization"},"potentialAction":[{"@type":"SearchAction","target":{"@type":"EntryPoint","urlTemplate":"https:\/\/casaanita.com.br\/?s={search_term_string}"},"query-input":{"@type":"PropertyValueSpecification","valueRequired":true,"valueName":"search_term_string"}}],"inLanguage":"pt-BR"},{"@type":"Organization","@id":"https:\/\/casaanita.com.br\/#organization","name":"Casa Anita","url":"https:\/\/casaanita.com.br\/","logo":{"@type":"ImageObject","inLanguage":"pt-BR","@id":"https:\/\/casaanita.com.br\/#\/schema\/logo\/image\/","url":"https:\/\/casaanita.com.br\/wp-content\/uploads\/2024\/03\/novo_logo_branco4.png","contentUrl":"https:\/\/casaanita.com.br\/wp-content\/uploads\/2024\/03\/novo_logo_branco4.png","width":216,"height":116,"caption":" Casa Anita"},"image":{"@id":"https:\/\/casaanita.com.br\/#\/schema\/logo\/image\/"}}]}},"_links":{"self":[{"href":"https:\/\/casaanita.com.br\/index.php?rest_route=\/wp\/v2\/pages\/24","targetHints":{"allow":["GET"]}}],"collection":[{"href":"https:\/\/casaanita.com.br\/index.php?rest_route=\/wp\/v2\/pages"}],"about":[{"href":"https:\/\/casaanita.com.br\/index.php?rest_route=\/wp\/v2\/types\/page"}],"author":[{"embeddable":true,"href":"https:\/\/casaanita.com.br\/index.php?rest_route=\/wp\/v2\/users\/2"}],"replies":[{"embeddable":true,"href":"https:\/\/casaanita.com.br\/index.php?rest_route=%2Fwp%2Fv2%2Fcomments&post=24"}],"version-history":[{"count":6,"href":"https:\/\/casaanita.com.br\/index.php?rest_route=\/wp\/v2\/pages\/24\/revisions"}],"predecessor-version":[{"id":253,"href":"https:\/\/casaanita.com.br\/index.php?rest_route=\/wp\/v2\/pages\/24\/revisions\/253"}],"wp:attachment":[{"href":"https:\/\/casaanita.com.br\/index.php?rest_route=%2Fwp%2Fv2%2Fmedia&parent=24"}],"curies":[{"name":"wp","href":"https:\/\/api.w.org\/{rel}","templated":true}]}}