{"id":16,"date":"2024-03-09T02:46:44","date_gmt":"2024-03-09T02:46:44","guid":{"rendered":"https:\/\/casaanita.com.br\/?page_id=16"},"modified":"2026-01-06T16:03:46","modified_gmt":"2026-01-06T16:03:46","slug":"sobre-nos","status":"publish","type":"page","link":"https:\/\/casaanita.com.br\/?page_id=16","title":{"rendered":"Quem Somos"},"content":{"rendered":"<section class=\"elementor-section elementor-inner-section elementor-element elementor-element-24d1a88 elementor-section-boxed elementor-section-height-default elementor-section-height-default\" data-id=\"24d1a88\" data-element_type=\"section\">\n<div class=\"elementor-container elementor-column-gap-default\">\n<div class=\"elementor-row\">\n<div class=\"elementor-column elementor-col-33 elementor-inner-column elementor-element elementor-element-a94c01d\" data-id=\"a94c01d\" data-element_type=\"column\">\n<div class=\"elementor-column-wrap elementor-element-populated\">\n<div class=\"elementor-widget-wrap\">\n<div class=\"elementor-element elementor-element-9625e03 elementor-widget elementor-widget-heading\" data-id=\"9625e03\" data-element_type=\"widget\" data-widget_type=\"heading.default\">\n<div class=\"elementor-widget-container\">\n<p class=\"elementor-heading-title elementor-size-default\"><img loading=\"lazy\" decoding=\"async\" class=\"wp-image-342 size-medium alignleft\" src=\"https:\/\/casaanita.com.br\/wp-content\/uploads\/2025\/10\/Imagem-do-WhatsApp-de-2024-11-28-as-10.51.25_7684a3ff-300x169.jpg\" alt=\"\" width=\"300\" height=\"169\" srcset=\"https:\/\/casaanita.com.br\/wp-content\/uploads\/2025\/10\/Imagem-do-WhatsApp-de-2024-11-28-as-10.51.25_7684a3ff-300x169.jpg 300w, https:\/\/casaanita.com.br\/wp-content\/uploads\/2025\/10\/Imagem-do-WhatsApp-de-2024-11-28-as-10.51.25_7684a3ff-1024x576.jpg 1024w, https:\/\/casaanita.com.br\/wp-content\/uploads\/2025\/10\/Imagem-do-WhatsApp-de-2024-11-28-as-10.51.25_7684a3ff-768x432.jpg 768w, https:\/\/casaanita.com.br\/wp-content\/uploads\/2025\/10\/Imagem-do-WhatsApp-de-2024-11-28-as-10.51.25_7684a3ff-1536x864.jpg 1536w, https:\/\/casaanita.com.br\/wp-content\/uploads\/2025\/10\/Imagem-do-WhatsApp-de-2024-11-28-as-10.51.25_7684a3ff-2048x1152.jpg 2048w\" sizes=\"auto, (max-width: 300px) 100vw, 300px\" \/><\/p>\n<p data-start=\"0\" data-end=\"438\">A <strong data-start=\"2\" data-end=\"25\">Casa Anita <\/strong>\u00e9 uma loja especializada em m\u00f3veis planejados de<strong> alto padr\u00e3o<\/strong>, representando a marca Ital\u00ednea, a maior rede de lojas da Am\u00e9rica Latina,\u00a0 \u00e9 refer\u00eancia nacional em design, sofistica\u00e7\u00e3o e qualidade. Com<strong data-start=\"189\" data-end=\"226\">\u00a0anos de experi\u00eancia no mercado<\/strong>, a empresa carrega a tradi\u00e7\u00e3o e a solidez de fazer parte do <strong data-start=\"287\" data-end=\"307\">Grupo Todeschini<\/strong>, que soma mais de <strong data-start=\"326\" data-end=\"349\">80 anos de hist\u00f3ria<\/strong> no segmento moveleiro, garantindo confian\u00e7a, inova\u00e7\u00e3o e credibilidade em cada projeto.<img loading=\"lazy\" decoding=\"async\" class=\"size-medium wp-image-383 alignright\" src=\"https:\/\/casaanita.com.br\/wp-content\/uploads\/2025\/11\/IMG_2263-169x300.jpeg\" alt=\"\" width=\"169\" height=\"300\" srcset=\"https:\/\/casaanita.com.br\/wp-content\/uploads\/2025\/11\/IMG_2263-169x300.jpeg 169w, https:\/\/casaanita.com.br\/wp-content\/uploads\/2025\/11\/IMG_2263-576x1024.jpeg 576w, https:\/\/casaanita.com.br\/wp-content\/uploads\/2025\/11\/IMG_2263-768x1365.jpeg 768w, https:\/\/casaanita.com.br\/wp-content\/uploads\/2025\/11\/IMG_2263-864x1536.jpeg 864w, https:\/\/casaanita.com.br\/wp-content\/uploads\/2025\/11\/IMG_2263-1152x2048.jpeg 1152w, https:\/\/casaanita.com.br\/wp-content\/uploads\/2025\/11\/IMG_2263.jpeg 1330w\" sizes=\"auto, (max-width: 169px) 100vw, 169px\" \/><\/p>\n<p data-start=\"440\" data-end=\"799\">Localizada h\u00e1 mais de <strong data-start=\"462\" data-end=\"491\">14 anos no mesmo endere\u00e7o<\/strong>, a Casa Anita Ital\u00ednea se consolidou como sin\u00f4nimo de confian\u00e7a e excel\u00eancia no atendimento, oferecendo solu\u00e7\u00f5es completas e personalizadas para ambientes residenciais e corporativos. Cada projeto \u00e9 desenvolvido sob medida,\u00a0unindo funcionalidade, est\u00e9tica e qualidade para transformar sonhos em realidade.<\/p>\n<p data-start=\"801\" data-end=\"1105\" data-is-last-node=\"\" data-is-only-node=\"\">O compromisso com a satisfa\u00e7\u00e3o dos clientes \u00e9 um dos pilares da empresa, refletido no reconhecimento de seu p\u00fablico: a Casa Anita Ital\u00ednea possui <strong data-start=\"947\" data-end=\"981\">avalia\u00e7\u00e3o 5 estrelas no Google<\/strong>, prova da dedica\u00e7\u00e3o em oferecer n\u00e3o apenas m\u00f3veis planejados, mas uma verdadeira experi\u00eancia de excel\u00eancia em cada detalhe.<\/p>\n<\/div>\n<p style=\"text-align: center;\" data-start=\"801\" data-end=\"1105\" data-is-last-node=\"\" data-is-only-node=\"\"><strong>CASA ANITA, O SEU JEITO DE VIVER.<\/strong><\/p>\n<\/div>\n<\/div>\n<\/div>\n<\/div>\n<\/div>\n<\/div>\n<\/section>\n","protected":false},"excerpt":{"rendered":"<p>A Casa Anita \u00e9 uma loja especializada em m\u00f3veis planejados de alto padr\u00e3o, representando a marca Ital\u00ednea, a maior rede de lojas da Am\u00e9rica Latina,\u00a0 \u00e9 refer\u00eancia nacional em design, sofistica\u00e7\u00e3o e qualidade. Com\u00a0anos de experi\u00eancia no mercado, a empresa carrega a tradi\u00e7\u00e3o e a solidez de fazer parte do Grupo Todeschini, que soma mais [&hellip;]<\/p>\n","protected":false},"author":2,"featured_media":0,"parent":0,"menu_order":0,"comment_status":"closed","ping_status":"closed","template":"","meta":{"footnotes":""},"class_list":["post-16","page","type-page","status-publish","hentry"],"yoast_head":"<!-- This site is optimized with the Yoast SEO plugin v27.4 - https:\/\/yoast.com\/product\/yoast-seo-wordpress\/ -->\n<title>Quem Somos -<\/title>\n<meta name=\"robots\" content=\"index, follow, max-snippet:-1, max-image-preview:large, max-video-preview:-1\" \/>\n<link rel=\"canonical\" href=\"https:\/\/casaanita.com.br\/?page_id=16\" \/>\n<meta property=\"og:locale\" content=\"pt_BR\" \/>\n<meta property=\"og:type\" content=\"article\" \/>\n<meta property=\"og:title\" content=\"Quem Somos -\" \/>\n<meta property=\"og:description\" content=\"A Casa Anita \u00e9 uma loja especializada em m\u00f3veis planejados de alto padr\u00e3o, representando a marca Ital\u00ednea, a maior rede de lojas da Am\u00e9rica Latina,\u00a0 \u00e9 refer\u00eancia nacional em design, sofistica\u00e7\u00e3o e qualidade. Com\u00a0anos de experi\u00eancia no mercado, a empresa carrega a tradi\u00e7\u00e3o e a solidez de fazer parte do Grupo Todeschini, que soma mais [&hellip;]\" \/>\n<meta property=\"og:url\" content=\"https:\/\/casaanita.com.br\/?page_id=16\" \/>\n<meta property=\"article:modified_time\" content=\"2026-01-06T16:03:46+00:00\" \/>\n<meta property=\"og:image\" content=\"https:\/\/casaanita.com.br\/wp-content\/uploads\/2025\/10\/Imagem-do-WhatsApp-de-2024-11-28-as-10.51.25_7684a3ff-scaled.jpg\" \/>\n\t<meta property=\"og:image:width\" content=\"2560\" \/>\n\t<meta property=\"og:image:height\" content=\"1440\" \/>\n\t<meta property=\"og:image:type\" content=\"image\/jpeg\" \/>\n<meta name=\"twitter:card\" content=\"summary_large_image\" \/>\n<meta name=\"twitter:label1\" content=\"Est. tempo de leitura\" \/>\n\t<meta name=\"twitter:data1\" content=\"2 minutos\" \/>\n<script type=\"application\/ld+json\" class=\"yoast-schema-graph\">{\"@context\":\"https:\\\/\\\/schema.org\",\"@graph\":[{\"@type\":\"WebPage\",\"@id\":\"https:\\\/\\\/casaanita.com.br\\\/?page_id=16\",\"url\":\"https:\\\/\\\/casaanita.com.br\\\/?page_id=16\",\"name\":\"Quem Somos -\",\"isPartOf\":{\"@id\":\"https:\\\/\\\/casaanita.com.br\\\/#website\"},\"primaryImageOfPage\":{\"@id\":\"https:\\\/\\\/casaanita.com.br\\\/?page_id=16#primaryimage\"},\"image\":{\"@id\":\"https:\\\/\\\/casaanita.com.br\\\/?page_id=16#primaryimage\"},\"thumbnailUrl\":\"https:\\\/\\\/casaanita.com.br\\\/wp-content\\\/uploads\\\/2025\\\/10\\\/Imagem-do-WhatsApp-de-2024-11-28-as-10.51.25_7684a3ff-300x169.jpg\",\"datePublished\":\"2024-03-09T02:46:44+00:00\",\"dateModified\":\"2026-01-06T16:03:46+00:00\",\"breadcrumb\":{\"@id\":\"https:\\\/\\\/casaanita.com.br\\\/?page_id=16#breadcrumb\"},\"inLanguage\":\"pt-BR\",\"potentialAction\":[{\"@type\":\"ReadAction\",\"target\":[\"https:\\\/\\\/casaanita.com.br\\\/?page_id=16\"]}]},{\"@type\":\"ImageObject\",\"inLanguage\":\"pt-BR\",\"@id\":\"https:\\\/\\\/casaanita.com.br\\\/?page_id=16#primaryimage\",\"url\":\"https:\\\/\\\/casaanita.com.br\\\/wp-content\\\/uploads\\\/2025\\\/10\\\/Imagem-do-WhatsApp-de-2024-11-28-as-10.51.25_7684a3ff-scaled.jpg\",\"contentUrl\":\"https:\\\/\\\/casaanita.com.br\\\/wp-content\\\/uploads\\\/2025\\\/10\\\/Imagem-do-WhatsApp-de-2024-11-28-as-10.51.25_7684a3ff-scaled.jpg\",\"width\":2560,\"height\":1440},{\"@type\":\"BreadcrumbList\",\"@id\":\"https:\\\/\\\/casaanita.com.br\\\/?page_id=16#breadcrumb\",\"itemListElement\":[{\"@type\":\"ListItem\",\"position\":1,\"name\":\"In\u00edcio\",\"item\":\"https:\\\/\\\/casaanita.com.br\\\/\"},{\"@type\":\"ListItem\",\"position\":2,\"name\":\"Quem Somos\"}]},{\"@type\":\"WebSite\",\"@id\":\"https:\\\/\\\/casaanita.com.br\\\/#website\",\"url\":\"https:\\\/\\\/casaanita.com.br\\\/\",\"name\":\"\",\"description\":\" \",\"publisher\":{\"@id\":\"https:\\\/\\\/casaanita.com.br\\\/#organization\"},\"potentialAction\":[{\"@type\":\"SearchAction\",\"target\":{\"@type\":\"EntryPoint\",\"urlTemplate\":\"https:\\\/\\\/casaanita.com.br\\\/?s={search_term_string}\"},\"query-input\":{\"@type\":\"PropertyValueSpecification\",\"valueRequired\":true,\"valueName\":\"search_term_string\"}}],\"inLanguage\":\"pt-BR\"},{\"@type\":\"Organization\",\"@id\":\"https:\\\/\\\/casaanita.com.br\\\/#organization\",\"name\":\"\",\"url\":\"https:\\\/\\\/casaanita.com.br\\\/\",\"logo\":{\"@type\":\"ImageObject\",\"inLanguage\":\"pt-BR\",\"@id\":\"https:\\\/\\\/casaanita.com.br\\\/#\\\/schema\\\/logo\\\/image\\\/\",\"url\":\"https:\\\/\\\/casaanita.com.br\\\/wp-content\\\/uploads\\\/2024\\\/03\\\/novo_logo_branco4.png\",\"contentUrl\":\"https:\\\/\\\/casaanita.com.br\\\/wp-content\\\/uploads\\\/2024\\\/03\\\/novo_logo_branco4.png\",\"width\":216,\"height\":116,\"caption\":\" \"},\"image\":{\"@id\":\"https:\\\/\\\/casaanita.com.br\\\/#\\\/schema\\\/logo\\\/image\\\/\"}}]}<\/script>\n<!-- \/ Yoast SEO plugin. -->","yoast_head_json":{"title":"Quem Somos -","robots":{"index":"index","follow":"follow","max-snippet":"max-snippet:-1","max-image-preview":"max-image-preview:large","max-video-preview":"max-video-preview:-1"},"canonical":"https:\/\/casaanita.com.br\/?page_id=16","og_locale":"pt_BR","og_type":"article","og_title":"Quem Somos -","og_description":"A Casa Anita \u00e9 uma loja especializada em m\u00f3veis planejados de alto padr\u00e3o, representando a marca Ital\u00ednea, a maior rede de lojas da Am\u00e9rica Latina,\u00a0 \u00e9 refer\u00eancia nacional em design, sofistica\u00e7\u00e3o e qualidade. Com\u00a0anos de experi\u00eancia no mercado, a empresa carrega a tradi\u00e7\u00e3o e a solidez de fazer parte do Grupo Todeschini, que soma mais [&hellip;]","og_url":"https:\/\/casaanita.com.br\/?page_id=16","article_modified_time":"2026-01-06T16:03:46+00:00","og_image":[{"width":2560,"height":1440,"url":"https:\/\/casaanita.com.br\/wp-content\/uploads\/2025\/10\/Imagem-do-WhatsApp-de-2024-11-28-as-10.51.25_7684a3ff-scaled.jpg","type":"image\/jpeg"}],"twitter_card":"summary_large_image","twitter_misc":{"Est. tempo de leitura":"2 minutos"},"schema":{"@context":"https:\/\/schema.org","@graph":[{"@type":"WebPage","@id":"https:\/\/casaanita.com.br\/?page_id=16","url":"https:\/\/casaanita.com.br\/?page_id=16","name":"Quem Somos -","isPartOf":{"@id":"https:\/\/casaanita.com.br\/#website"},"primaryImageOfPage":{"@id":"https:\/\/casaanita.com.br\/?page_id=16#primaryimage"},"image":{"@id":"https:\/\/casaanita.com.br\/?page_id=16#primaryimage"},"thumbnailUrl":"https:\/\/casaanita.com.br\/wp-content\/uploads\/2025\/10\/Imagem-do-WhatsApp-de-2024-11-28-as-10.51.25_7684a3ff-300x169.jpg","datePublished":"2024-03-09T02:46:44+00:00","dateModified":"2026-01-06T16:03:46+00:00","breadcrumb":{"@id":"https:\/\/casaanita.com.br\/?page_id=16#breadcrumb"},"inLanguage":"pt-BR","potentialAction":[{"@type":"ReadAction","target":["https:\/\/casaanita.com.br\/?page_id=16"]}]},{"@type":"ImageObject","inLanguage":"pt-BR","@id":"https:\/\/casaanita.com.br\/?page_id=16#primaryimage","url":"https:\/\/casaanita.com.br\/wp-content\/uploads\/2025\/10\/Imagem-do-WhatsApp-de-2024-11-28-as-10.51.25_7684a3ff-scaled.jpg","contentUrl":"https:\/\/casaanita.com.br\/wp-content\/uploads\/2025\/10\/Imagem-do-WhatsApp-de-2024-11-28-as-10.51.25_7684a3ff-scaled.jpg","width":2560,"height":1440},{"@type":"BreadcrumbList","@id":"https:\/\/casaanita.com.br\/?page_id=16#breadcrumb","itemListElement":[{"@type":"ListItem","position":1,"name":"In\u00edcio","item":"https:\/\/casaanita.com.br\/"},{"@type":"ListItem","position":2,"name":"Quem Somos"}]},{"@type":"WebSite","@id":"https:\/\/casaanita.com.br\/#website","url":"https:\/\/casaanita.com.br\/","name":"","description":" ","publisher":{"@id":"https:\/\/casaanita.com.br\/#organization"},"potentialAction":[{"@type":"SearchAction","target":{"@type":"EntryPoint","urlTemplate":"https:\/\/casaanita.com.br\/?s={search_term_string}"},"query-input":{"@type":"PropertyValueSpecification","valueRequired":true,"valueName":"search_term_string"}}],"inLanguage":"pt-BR"},{"@type":"Organization","@id":"https:\/\/casaanita.com.br\/#organization","name":"","url":"https:\/\/casaanita.com.br\/","logo":{"@type":"ImageObject","inLanguage":"pt-BR","@id":"https:\/\/casaanita.com.br\/#\/schema\/logo\/image\/","url":"https:\/\/casaanita.com.br\/wp-content\/uploads\/2024\/03\/novo_logo_branco4.png","contentUrl":"https:\/\/casaanita.com.br\/wp-content\/uploads\/2024\/03\/novo_logo_branco4.png","width":216,"height":116,"caption":" "},"image":{"@id":"https:\/\/casaanita.com.br\/#\/schema\/logo\/image\/"}}]}},"_links":{"self":[{"href":"https:\/\/casaanita.com.br\/index.php?rest_route=\/wp\/v2\/pages\/16","targetHints":{"allow":["GET"]}}],"collection":[{"href":"https:\/\/casaanita.com.br\/index.php?rest_route=\/wp\/v2\/pages"}],"about":[{"href":"https:\/\/casaanita.com.br\/index.php?rest_route=\/wp\/v2\/types\/page"}],"author":[{"embeddable":true,"href":"https:\/\/casaanita.com.br\/index.php?rest_route=\/wp\/v2\/users\/2"}],"replies":[{"embeddable":true,"href":"https:\/\/casaanita.com.br\/index.php?rest_route=%2Fwp%2Fv2%2Fcomments&post=16"}],"version-history":[{"count":15,"href":"https:\/\/casaanita.com.br\/index.php?rest_route=\/wp\/v2\/pages\/16\/revisions"}],"predecessor-version":[{"id":409,"href":"https:\/\/casaanita.com.br\/index.php?rest_route=\/wp\/v2\/pages\/16\/revisions\/409"}],"wp:attachment":[{"href":"https:\/\/casaanita.com.br\/index.php?rest_route=%2Fwp%2Fv2%2Fmedia&parent=16"}],"curies":[{"name":"wp","href":"https:\/\/api.w.org\/{rel}","templated":true}]}}